1. Suppose -2*j + 2*u = -6, 3*u + 10 = -5*j + 1. Is b(j) composite?
False
Is (-10)/2 + 5375 + (2 - 6) prime?
False
Let z be 2/(-4) - 5/2. Let c be 3*((-2)/1 - z). Suppose 6*r - 1371 = c*r. Is r prime?
True
Let p = -1027 - -4208. Is p composite?
False
Let q = 41 - 41. Suppose q*l + 2*l = 778. Is l a prime number?
True
Let z be -1 + (3/7)/(2/14). Suppose 3*r - 2625 = 4*w, z*w - 243 + 1991 = 2*r. Is r a prime number?
False
Suppose 0 = m - 4*m + 9. Suppose 6*s - m*s + 63 = 0. Is 964/14 - 3/s a prime number?
False
Is 17092 + (-5 - 3 - -2) a composite number?
True
Is 16/(-56) + (4 - 178630/(-14)) a composite number?
False
Suppose -2*f + f + 13 = 0. Suppose -f*s = -8*s - 325. Is s prime?
False
Let q(g) = 6*g - 39. Let p be q(9). Let c(j) = 6*j - 19. Let y(d) = d. Let t(s) = c(s) - 3*y(s). Is t(p) prime?
False
Let k be ((-68)/(-2))/(-3*6/(-108)). Suppose 2*c - 3*w - 995 = 0, 0*c + 4*w = 2*c - 1000. Suppose -2*h = 2*a - k, -a + c = 4*h + h. Is h a prime number?
True
Suppose -5*g + 53771 = 12*g. Is g composite?
False
Let p = 3105 - -3142. Is p a composite number?
False
Let a be (4/8)/(4/40). Suppose 5240 = a*h + 355. Is h a composite number?
False
Suppose -13078 = -7*z + 8601. Is z composite?
True
Let b(m) = 4*m**2 - 5*m - 8. Let q = -3 + 8. Is b(q) a composite number?
False
Let c = 167 - 88. Let o = c - -330. Is o a composite number?
False
Let f(n) = -2*n**2 - 52*n + 4. Let g be f(-26). Let z(j) = 412*j - 11. Is z(g) prime?
True
Suppose -1087 = -2*j + 4*j - 5*l, 0 = -2*j - 4*l - 1042. Let m = j + 748. Is m a prime number?
False
Is (-15)/(-18) - (-10 + 182567/(-66)) a composite number?
False
Let x(a) be the second derivative of -a**5/10 + a**4/6 - 7*a**3/6 + a**2 + 354*a. Let u = 5 + -10. Is x(u) a prime number?
True
Let d = -1 + 7. Let u be (8*58)/(d/(-18)). Is u/(-9) - 7/(-21) composite?
True
Is 2470854/258 - (-18)/387 a composite number?
True
Is (-38 + 3945)*14/2 a composite number?
True
Let c(a) = 2*a**2 + 7*a + 1. Let z be c(-5). Let u = -6 + z. Is (-1)/(-6)*u*87 a composite number?
True
Let h(k) = 113*k - 7. Let o(u) = 340*u - 21. Let j(v) = 8*h(v) - 3*o(v). Is j(-12) a prime number?
True
Let k be 4/26 - 8/52. Suppose 3*b - 352 - 74 = k. Is b a composite number?
True
Let u(p) = 4*p**2 - p + 29. Is u(27) prime?
False
Is -9 + -5952*(-2)/3 prime?
False
Let w = 43 + -57. Is 3538/14 + (-4)/w a prime number?
False
Is (-8 - -18) + -6 + (1 - -8994) prime?
True
Let h = 41 + -41. Suppose h*d = -d + 1, k + 2*d - 519 = 0. Is k composite?
True
Let j(s) = -5*s**3 - 3*s**2 + s + 1. Let f(k) = 4 - 2 + 15*k - 26*k + 12*k. Let r be f(-5). Is j(r) a composite number?
True
Let f be -20*2*(-1)/(-2). Let g be (-9 + -1)*(-30)/f. Is 539/3 - (-10)/g composite?
False
Suppose -4*o = -4*s - 9*o + 16713, 20888 = 5*s + 3*o. Is s composite?
False
Let s(m) = -m**3 - 43*m**2 + 34*m + 107. Is s(-44) prime?
True
Suppose 5*b = 4*v + 506, -2*b + 3*b = 2*v + 100. Let o = -217 + b. Is -1 + (-2 - o - 3) a prime number?
True
Suppose -4*r = 4*z - 8, -4*r - 6*z = -11*z - 17. Suppose 4*q + 336 = -5*g + 2317, 2*g - r*q - 797 = 0. Is g prime?
True
Let j = -40 + 27. Let h = -8 - j. Suppose -481 = u - h*u + k, k + 118 = u. Is u composite?
True
Let k = 2 + 2. Suppose 4*m - q - 294 = q, 2*q - 274 = -k*m. Suppose 3 = x - m. Is x a composite number?
True
Suppose 11*g - 219146 = -41749. Is g composite?
False
Suppose -2*z = 2*c + 22, z - 7*c + 2*c = -35. Is 3/((-5)/(19850/z)) composite?
True
Let m(c) = -c + 243*c**2 + 0 - 3 + 2 + 3*c. Is m(-2) a prime number?
True
Let w be 273*(-4)/(-12)*2. Let v = -48 + w. Suppose 2*q - v = -t, -5*q + 2*t + 466 = 149. Is q a composite number?
True
Let l(g) = 6*g**2 + 15*g + 19. Let t(b) = -b**2 - b. Let o(c) = -l(c) - t(c). Let y(a) = 6*a**2 + 13*a + 19. Let w(u) = 5*o(u) + 4*y(u). Is w(-13) prime?
False
Let z be (-4)/(-2)*8/(-16). Let p be (-364)/(-24) + z/6. Is 340/8*12/p a composite number?
True
Let c(i) = 833*i**2 + 8*i - 22. Is c(3) a prime number?
True
Let t(w) = -w**3 + 9*w**2 - 9*w + 10. Let o be t(8). Suppose h - 3*i - 41 = 0, -o = -4*i + 3*i. Is h a prime number?
True
Let y(k) = k**3 + 26*k**2 + 17*k + 53. Is y(-25) a composite number?
True
Let c = 1 - 0. Is 2 + 9*(c + (-136)/(-3)) prime?
True
Let u(c) = c**3 - 8*c**2 + 6*c + 6. Let x be u(7). Let n be (x + 4)*(-219 - 0). Let l = -364 - n. Is l composite?
False
Let r(p) = 10*p**3 - 35*p**2 - 76*p + 38. Is r(27) a prime number?
False
Let a(y) = 20*y + 5. Let i be a(0). Suppose -3*l - 2*l + 65 = 0. Suppose -i*b = -62 - l. Is b a prime number?
False
Suppose -2*r - 790 = -4*r. Let n be r/2*(-42)/(-35). Suppose -4*q - n = -1001. Is q prime?
True
Let z(n) = n**2 - 16*n + 64. Let c be z(6). Let u = -39 + 19. Is 290/c*u/(-25) a prime number?
False
Suppose 35*p = -33*p + 13486916. Is p a prime number?
True
Is (-2)/16 - 12843166/(-112) composite?
False
Let i be (-67284)/44 - 4/(-22). Let p = 756 - i. Is p a composite number?
True
Let n = 1486 - 803. Is n a composite number?
False
Is (-512314)/(-30) + 78/(-585) a prime number?
True
Let n be 20/(270/68 - 4). Let q = 424 + n. Let d = -65 - q. Is d a prime number?
True
Is (-4)/6*607302/(-12) prime?
True
Let j(f) = -f**3 + 6*f**2 + 3*f - 21. Let g be j(6). Let l(h) = 55*h**2 - h - 1. Is l(g) composite?
True
Suppose -2*v + 103 = 3155. Let q = v - -2677. Is q a composite number?
False
Suppose -6*f + 9*f = 18. Is 848*1 - (f + -9) a composite number?
True
Suppose 33*x - 1335864 = 9*x. Is x a composite number?
False
Let b(o) = -2*o - 7. Let s be b(-5). Suppose 2*m - 5*n = -0*n + 251, 4*n = s*m - 373. Suppose 2*u = -12 + 2, 0 = -3*w - 3*u + m. Is w a prime number?
False
Suppose 4 = r + f, -3*r + 2*f - 3*f + 10 = 0. Suppose 0*h - 3*h + 4*s = -4561, -5*s = -r*h + 4559. Is h a prime number?
True
Let o be (-8)/44 + 11862/22. Let i = o - 277. Is i prime?
False
Let o = 998 - 495. Is o composite?
False
Is (-2 - 2243/(-3))*(3 + 0) prime?
True
Suppose -4*n + 930 + 313 = -3*d, -n + 304 = -3*d. Suppose 2*f - 2*b - 2*b - 1792 = 0, 3539 = 4*f + b. Suppose 5*t - 4*p = f + n, 3*p = t - 242. Is t composite?
False
Is 3*(3 - (-2156)/6) composite?
False
Suppose 5*t = t + 364. Let h = t + -51. Let l = 183 - h. Is l composite?
True
Let d(q) = -30*q**2 - 464*q**2 - 12*q + 4 + 8*q. Let i be d(2). Let c = 5017 + i. Is c composite?
False
Let g = 7 + -5. Suppose -2*b - g*b = -2676. Is b a prime number?
False
Let x(b) = 4449*b**2 + 6*b + 6. Let p(u) = -2224*u**2 - 3*u - 3. Let v(n) = -7*p(n) - 3*x(n). Is v(-1) composite?
False
Suppose 3*b + 2*w + 6 = 0, -5*b = -3*b + 4*w + 12. Suppose b = 3*a - a + 8. Is 5/(10/1898) - a prime?
True
Let n be -8*2/4 + (-8)/(-2). Suppose n = o - 12*o + 35717. Is o prime?
False
Let y be (-2)/6 + (-8)/(-24). Suppose y = 8*z - 6*z - 238. Is z a prime number?
False
Suppose -23*b + 29465 = -43698. Is b prime?
True
Suppose -109 + 31 = -6*i. Suppose 0 = -i*g + 17*g - 84. Is (-5)/35 + 20856/g a prime number?
False
Let q be (-14)/(-7)*(-339)/(-6). Suppose m + q = -14. Let j = 366 + m. Is j prime?
True
Let p = 6 - 2. Let i be (-25)/(-7) + p/(-7). Is (-2)/(-3) - (-169)/i composite?
True
Suppose 0 = 5*f - 5225 - 2120. Is f a composite number?
True
Suppose -2*y + 17092 = 4*k, k - 3*y + 7*y = 4287. Is k a prime number?
True
Suppose y - 2 = 2*p - 5, y = 3*p - 7. Suppose p*w - 2*n - 8194 = 0, -3038 = -2*w + 5*n + 1039. Is w prime?
False
Suppose k + 7 = 2*a, 2*a - 6*a = 3*k + 11. Let u be (-1)/1 - 2/(2/(-5)). Is 69 + (-4 + u)/a a prime number?
False
Let w = 5131 - 2334. Is w a composite number?
False
Suppose 28 = 3*a + 10. Suppose a*y = 11*y. Suppose y*g + 53 = g. Is g prime?
True
Suppose 5*f + 34 + 14 = -3*x, 4*f + 60 = 3*x. Let n(l) = -l**3 - 11*l**2 - 13. Is n(f) composite?
False
Let k(u) = 9829*u + 75. Is k(2) composite?
True
Suppose r + 0 = -5*x + 15, -5*r + 51 = x. Let m(f) = 4 - 1 - 4*f + 11*f**2 + 2*f - f**3. Is m(r) a composite number?
False
Let t be (-4854)/4*(-44)/(-33). Let k = 3017 + t. Is k prime?
True
Suppose 6*f - 399 = 2055. Is f composite?
False
Let q be ((-8)/14)/((-2)/7). Is (-5)/q + 1281/14 a prime number?
True
Let g = 12 + -11. Let m = g + 2. Suppose -3*y - 4*a = -941, -3*a = -m*y - 6*a + 936. Is y prime?
True
Suppose 5*v - 3 + 8 = 0, 0 = 2*x - v - 36683. Is x prime?
True
Let d = 12714 + 1417. Is d a prime number?
False
Suppose -6*h + 11*h = 17830. Suppose -3*l -